4*d - 9656 = -3*y, -2*y - 4*d + 6440 = 0. List the prime factors of y.
2, 1609
Let a = 567 + -583. What are the prime factors of a/(-192)*12 + 37*17?
2, 3, 5, 7
Suppose -5*t = b - 54, 2*b - 35 = -3*t + 4*b. Suppose f = -5*u + t, -2*f + 14*u - 13*u - 22 = 0. List the prime factors of f/36 - 1818/(-8).
227
Suppose -a - a = -4*c + 10670, -2*c + 2*a + 5334 = 0. What are the prime factors of c?
2, 23, 29
Let r(w) = 32*w - 12. Let a be r(3). Let u = -78 + a. Suppose 0 = -3*z + u*z - 912. List the prime factors of z.
2, 19
Let o(x) = -3*x + 4*x + 8*x**2 - 10 + 25 - 7*x**2. What are the prime factors of o(9)?
3, 5, 7
Suppose 432 + 918 = -6*y. Let w = 389 + y. List the prime factors of w.
2, 41
Let o(f) = 5*f**3 - 4*f**2 - 3*f - 2. Let w be o(-2). Suppose 4*b + 244 = 3*y, 3*b + 84 + 124 = -4*y. Let t = w - b. What are the prime factors of t?
2, 3
What are the prime factors of -7 + (-15 + 18 - (-8799 - 0))?
5, 1759
Suppose 2*q - 47060 = 2*b, -2*q - 3*b + 55153 = 8108. List the prime factors of q.
7, 3361
Suppose -35*b = -34*b + 10. Let v be (6 - 6)/((-5)/(b/4)). Suppose 12 = 4*h, 3*t + v*t = -5*h + 159. What are the prime factors of t?
2, 3
Let y(i) = i**3 + 9*i**2 - 6*i + 11. Let a be y(-9). What are the prime factors of a/(-26)*6/5 - -313?
2, 5, 31
Suppose -u + 4 = -3*d, -5*u - 27 = 2*d - 98. Suppose -u*h + 11*h = f - 766, f - 784 = 4*h. List the prime factors of f.
2, 193
Suppose -w + 3*v + 3568 = 0, 7*v + 6 = 4*v. What are the prime factors of w?
2, 13, 137
Suppose -212*r + 97*r = 71*r - 9205512. List the prime factors of r.
2, 12373
Let b(k) be the second derivative of k**4/12 + 4*k**3 - 73*k**2/2 - 2*k + 16. List the prime factors of b(-31).
2, 3
Let a(g) = g**3 + 18*g**2 - 10*g - 16. Let q = -231 - -217. What are the prime factors of a(q)?
2, 227
Suppose 514148 = -647*y + 681*y. List the prime factors of y.
2, 7561
Let j = -1102 - -1949. Suppose -11*o + 0*o + j = 0. What are the prime factors of o?
7, 11
Let j = -132 - -228. Let l(i) = -6*i**2 - 2*i - 3. Let d be l(-2). Let c = j + d. What are the prime factors of c?
73
Let r = 30203 - 19415. List the prime factors of r.
2, 3, 29, 31
Suppose -3*d - 114*j + 113*j = -232156, 0 = -4*d - j + 309544. What are the prime factors of d?
2, 3, 6449
Let z = 1013 - -6497. List the prime factors of z.
2, 5, 751
Suppose -36*j + 136397 + 691 = 0. List the prime factors of j.
2, 7, 17
Suppose 0 = 4*f + 3*x - 1540, 3*f - x - 1168 = -0*x. Let l = f - 78. What are the prime factors of l?
2, 5, 31
Let p(s) = -8*s**2 + 382*s - 242. List the prime factors of p(40).
2, 3, 373
Suppose -5*y + y - 4 = 0. Let s be (-1 - 1)*y/(-2). List the prime factors of ((-2 - -3) + -74)/s.
73
Suppose 0 = 2*g - 5*r - 13995, -3*g - 5*r - 12977 + 34007 = 0. What are the prime factors of g?
3, 5, 467
Let m be (-2)/(-2) - 6/(-6). Suppose -2*n = m*n - 52. Suppose -2*y + n + 11 = 0. List the prime factors of y.
2, 3
Let k = 41903 - 29681. What are the prime factors of k?
2, 3, 7, 97
Suppose -4*c = -7*c + 9, -q = 4*c - 29. Suppose 2*f = 4*z + 50, -z = -0*f + f + q. What are the prime factors of z/(-49) - (-458)/14?
3, 11
Let w = 415 + -227. Suppose -n = 4, -6*b + 4*b + w = -n. What are the prime factors of b?
2, 23
Suppose k + 2*t = t - 858, -878 = k - 4*t. Let x = -576 - k. Suppose -44*i - x = -46*i. What are the prime factors of i?
11, 13
Suppose l = 2*i + 12858, 2*l + 10*i - 12*i - 25722 = 0. List the prime factors of 4/26 + l/39*1.
2, 3, 5, 11
Let g = 41147 - 27716. List the prime factors of g.
3, 11, 37
Suppose -m = 3 - 6. Suppose 4*h + m*c - 2 = 17, 3*h - 8 = 4*c. Suppose d - 78 = 3*g - 24, -4*g = h*d - 264. What are the prime factors of d?
3, 7
Let b = -50844 + 80825. What are the prime factors of b?
7, 4283
Let t(o) = 255*o + 21. Let g be t(7). Suppose -5*q + g - 606 = 0. Suppose -h - 2*b + 14 = -46, -5*h = -2*b - q. What are the prime factors of h?
2, 5
Suppose 45*u + 43*u - 450 = 86*u. List the prime factors of u.
3, 5
Let n(u) = -2*u**3 - 146*u**2 - 285*u + 595. What are the prime factors of n(-72)?
11, 977
Suppose -17*l = -59*l + 23*l + 1040744. List the prime factors of l.
2, 41, 167
Let h(o) be the third derivative of 13*o**4/4 - 79*o**3/6 - 242*o**2. What are the prime factors of h(12)?
857
Let f = -176 - 399. Let k = 1305 + f. What are the prime factors of k?
2, 5, 73
Suppose -69*k - 3979 = -456826. What are the prime factors of k?
6563
Let t be (3/12)/(4/16). Let o(j) = 49*j - t + 4*j**2 + 3 - 50*j - 6. What are the prime factors of o(2)?
2, 5
Suppose -3*y - 2*y + 1200 = 0. Suppose 413 = -3*o - 4*t - 7, -3*o + 2*t = 420. Let g = o + y. What are the prime factors of g?
2, 5
Let u(p) = -23 + 6*p - 17 - 2. Let z be u(7). Suppose z = 41*c - 39*c - 452. List the prime factors of c.
2, 113
Let b(i) = 5*i**3 - 120*i**2 + 49*i + 112. What are the prime factors of b(29)?
2, 11279
Let y(o) = o**3 + 4*o**2 + 5*o + 11. Let r be y(-4). List the prime factors of (-3 + -180)*(r + (7 - 4)).
2, 3, 61
Let r = 894 + 915. What are the prime factors of r?
3, 67
Suppose 231*z - 1925860 = -230*z + 6931794. What are the prime factors of z?
2, 13, 739
Let i(h) = 35*h**3 + 2359*h**2 + 12*h + 65. What are the prime factors of i(-67)?
173, 359
Suppose -2*g - 3 = -19. Let l(n) = -n**3 + 19*n**2 - 9*n + 5. Let j be l(g). Suppose j = 8*c - 379. What are the prime factors of c?
127
Let w = -186 - -106. Let h = -77 - w. Suppose z + 139 = h*z + b, 0 = z + 3*b - 57. List the prime factors of z.
2, 3
Suppose a - 1 = 5*f - 14, 8 = f - 2*a. Suppose f*j - 363 = 4*g + 187, 0 = 2*j + 4*g - 582. What are the prime factors of j?
283
Let b(n) = 35*n - 1. Suppose 92 = 4*s - 4*l, 3*s = 5*s - 3*l - 46. Suppose 6*d - 29 = -s. What are the prime factors of b(d)?
2, 17
Let v(k) = -157*k + 133. Let s be v(-6). Let u = s - 308. List the prime factors of u.
13, 59
Suppose -4*r = -3*d - 9*r - 4, -5*d = 2*r - 6. Suppose -b + 4*p = -362, 10*p = -d*b + 13*p + 724. What are the prime factors of b?
2, 181
Suppose 109 = -4*r + 121. Suppose -4*m + 4*w + 465 = -m, -r*w - 9 = 0. What are the prime factors of m?
151
Let m be -68*-1*2/(-4). Let w be (21/(-140)*-55)/((-3)/(-32)). Let z = w - m. List the prime factors of z.
2, 61
Let i(f) = 119*f - 79. Let g be i(-12). Let p = -421 - g. What are the prime factors of p?
2, 3, 181
Let w = 192 - 51. Let b = w + -109. What are the prime factors of b?
2
Let t(c) = -218*c + 110. Let v be t(-19). Let s = v + -2780. What are the prime factors of s?
2, 23
Let x(h) = h**3 + 10*h**2 - 2*h - 16. Let l be x(-8). Suppose l*u = 138*u - 7330. List the prime factors of u.
733
Let a be 4*6/(-168) - (-96)/(-14). List the prime factors of a/28 + 2241/4.
2, 5, 7
Let i(x) = -3*x - 14. Let b be i(-4). Let l be -64*((-3)/b + 42/(-4)). Suppose 0 = 16*m - 4*m - l. List the prime factors of m.
2, 3
Let q be 1/(-2)*1*12. Let o be (-8)/(96/q)*1*142. Let l = 122 - o. List the prime factors of l.
3, 17
Let k(v) = v**2 + v - 1 - 3 + 2. Let z be k(1). Suppose z = -2*x + 2*j + 64, j = -3*x + 5*x - 65. List the prime factors of x.
3, 11
Let v(a) = 85*a - 131. What are the prime factors of v(30)?
41, 59
Suppose -5*c + 2*l = -45, -3*l = 4*c - 3*c + 8. Suppose -8*j = 1 + c. What are the prime factors of j/(684/2492 + 8/(-28))?
89
Let d be (-2)/(-2 - 15/(-10)). Let w be ((-84)/(-4))/(18/(-84)). What are the prime factors of (w/21)/(d/(-114))?
7, 19
Let d(u) = 65 - 92*u + 52 - 56 + 50 + 39. List the prime factors of d(-6).
2, 3, 13
Suppose -222*o = -4*d - 220*o + 1002, -2*d - 4*o + 526 = 0. List the prime factors of d.
11, 23
Let c = 28170 + -11440. What are the prime factors of c?
2, 5, 7, 239
Suppose 2001*z - 1986*z = 21540. What are the prime factors of z?
2, 359
Suppose -4*j = 4*d - 30812, -3*d - 2*j + 30142 = 7032. Suppose 43*o - d = 25*o. What are the prime factors of o?
2, 107
Let u(x) = 62*x - 28. Let t be u(4). Let z = t - -72. Suppose -8*b - z = -988. List the prime factors of b.
3, 29
Suppose -9*k = -3*l - 4*k + 2040, -l = 2*k - 669. Let b = l + 123. List the prime factors of b.
2, 3, 7, 19
Let u be (-1)/((-2)/(24/(-4))) + 9. Let g(f) = -12 - 8*f + 17*f + 7*f - u*f. What are the prime factors of g(4)?
2, 7
Let y(n) = -n**3 + 5*n**2 + 9*n - 8. Let d be y(5). Let v = -44 + d. Let c(s) = -s + 10. What are the prime factors of c(v)?
17
Let o = 34954 - 15310. What are th